7
List the prime factors of 7029.
3, 11, 71
What are the prime factors of 7281?
3, 809
What are the prime factors of 1816?
2, 227
List the prime factors of 755.
5, 151
What are the prime factors of 15050?
2, 5, 7, 43
What are the prime factors of 9250?
2, 5, 37
What are the prime factors of 7537?
7537
List the prime factors of 16913.
13, 1301
What are the prime factors of 177290?
2, 5, 17729
List the prime factors of 130006.
2, 65003
List the prime factors of 346.
2, 173
List the prime factors of 1881.
3, 11, 19
List the prime factors of 112834.
2, 56417
List the prime factors of 61633.
11, 13, 431
What are the prime factors of 1255?
5, 251
What are the prime factors of 958?
2, 479
List the prime factors of 106123.
106123
What are the prime factors of 22843?
53, 431
List the prime factors of 1828.
2, 457
List the prime factors of 20784.
2, 3, 433
List the prime factors of 80095.
5, 83, 193
List the prime factors of 398.
2, 199
What are the prime factors of 1218?
2, 3, 7, 29
What are the prime factors of 12199?
11, 1109
List the prime factors of 9357.
3, 3119
List the prime factors of 2516.
2, 17, 37
What are the prime factors of 66534?
2, 3, 13, 853
What are the prime factors of 1409?
1409
List the prime factors of 1101.
3, 367
List the prime factors of 18354.
2, 3, 7, 19, 23
What are the prime factors of 7732?
2, 1933
What are the prime factors of 6444?
2, 3, 179
List the prime factors of 13391.
7, 1913
List the prime factors of 4907.
7, 701
What are the prime factors of 2645?
5, 23
What are the prime factors of 5280?
2, 3, 5, 11
List the prime factors of 1815.
3, 5, 11
List the prime factors of 9080.
2, 5, 227
What are the prime factors of 386?
2, 193
What are the prime factors of 1605?
3, 5, 107
List the prime factors of 1253.
7, 179
List the prime factors of 10385.
5, 31, 67
List the prime factors of 1625.
5, 13
List the prime factors of 5010.
2, 3, 5, 167
What are the prime factors of 1822?
2, 911
List the prime factors of 3752.
2, 7, 67
List the prime factors of 2042.
2, 1021
What are the prime factors of 52380?
2, 3, 5, 97
What are the prime factors of 13629?
3, 7, 11, 59
What are the prime factors of 526?
2, 263
What are the prime factors of 63178?
2, 31, 1019
List the prime factors of 52333.
59, 887
What are the prime factors of 32453?
17, 23, 83
List the prime factors of 9144.
2, 3, 127
List the prime factors of 112.
2, 7
List the prime factors of 8720.
2, 5, 109
What are the prime factors of 589?
19, 31
What are the prime factors of 1942?
2, 971
What are the prime factors of 10643?
29, 367
What are the prime factors of 2910?
2, 3, 5, 97
List the prime factors of 470.
2, 5, 47
List the prime factors of 29645.
5, 7, 11
What are the prime factors of 183?
3, 61
List the prime factors of 40663.
7, 37, 157
What are the prime factors of 592?
2, 37
What are the prime factors of 5121?
3, 569
List the prime factors of 4985.
5, 997
What are the prime factors of 3751?
11, 31
List the prime factors of 2396.
2, 599
List the prime factors of 7466.
2, 3733
List the prime factors of 10841.
37, 293
List the prime factors of 62087.
47, 1321
What are the prime factors of 2308?
2, 577
What are the prime factors of 2780?
2, 5, 139
List the prime factors of 47290.
2, 5, 4729
What are the prime factors of 556?
2, 139
List the prime factors of 9649.
9649
What are the prime factors of 667?
23, 29
What are the prime factors of 819?
3, 7, 13
List the prime factors of 45933.
3, 61, 251
List the prime factors of 674.
2, 337
List the prime factors of 3750.
2, 3, 5
What are the prime factors of 2549?
2549
List the prime factors of 8405.
5, 41
List the prime factors of 3678.
2, 3, 613
What are the prime factors of 2837?
2837
What are the prime factors of 1655?
5, 331
What are the prime factors of 2085?
3, 5, 139
What are the prime factors of 354?
2, 3, 59
List the prime factors of 73979.
29, 2551
What are the prime factors of 387?
3, 43
What are the prime factors of 7657?
13, 19, 31
List the prime factors of 1039.
1039
List the prime factors of 51644.
2, 12911
List the prime factors of 46785.
3, 5, 3119
List the prime factors of 990.
2, 3, 5, 11
What are the prime factors of 262?
2, 131
List the prime factors of 25093.
23, 1091
List the prime factors of 1600.
2, 5
List the prime factors of 13153.
7, 1879
List the prime factors of 408.
2, 3, 17
List the prime factors of 7943.
13, 47
What are the prime factors of 170225?
5, 11, 619
What are the prime factors of 132?
2, 3, 11
List the prime factors of 3523.
13, 271
What are the prime factors of 2530?
2, 5, 11, 23
What are the prime factors of 5309?
5309
List the prime factors of 44354.
2, 67, 331
What are the prime factors of 25304?
2, 3163
List the prime factors of 138.
2, 3, 23
List the prime factors of 773.
773
List the prime factors of 1583.
1583
What are the prime factors of 89233?
17, 29, 181
List the prime factors of 52159.
43, 1213
List the prime factors of 16343.
59, 277
List the prime factors of 1496.
2, 11, 17
List the prime factors of 53232.
2, 3, 1109
What are the prime factors of 14897?
14897
What are the prime factors of 240?
2, 3, 5
List the prime factors of 24872.
2, 3109
List the prime factors of 2568.
2, 3, 107
What are the prime factors of 6332?
2, 1583
What are the prime factors of 921?
3, 307
List the prime factors of 497.
7, 71
List the prime factors of 171.
3, 19
What are the prime factors of 7069?
7069
List the prime factors of 10636.
2, 2659
What are the prime factors of 3003?
3, 7, 11, 13
What are the prime factors of 1118?
2, 13, 43
List the prime factors of 9412.
2, 13, 181
List the prime factors of 533.
13, 41
List the prime factors of 22804.
2, 5701
List the prime factors of 47934.
2, 3, 2663
What are the prime factors of 2179?
2179
List the prime factors of 1166.
2, 11, 53
List the prime factors of 3193.
31, 103
What are the prime factors of 2681?
7, 383
What are the prime factors of 3130?
2, 5, 313
What are the prime factors of 5540?
2, 5, 277
List the prime factors of 2737.
7, 17, 23
What are the prime factors of 857?
857
What are the prime factors of 51755?
5, 11, 941
What are the prime factors of 504?
2, 3, 7
List the prime factors of 615.
3, 5, 41
What are the prime factors of 1143?
3, 127
What are the prime factors of 46153?
46153
List the prime factors of 338.
2, 13
What are the prime factors of 1139?
17, 67
What are the prime factors of 29149?
103, 283
List the prime factors of 2723.
7, 389
What are the prime factors of 6624?
2, 3, 23
List the prime factors of 38568.
2, 3, 1607
List the prime factors of 24.
2, 3
List the prime factors of 663.
3, 13, 17
What are the prime factors of 2810?
2, 5, 281
What are the prime factors of 4064?
2, 127
What are the prime factors of 3742?
2, 1871
What are the prime factors of 86039?
97, 887
List the prime factors of 625.
5
List the prime factors of 10876.
2, 2719
List the prime factors of 25286.
2, 47, 269
What are the prime factors of 7473?
3, 47, 53
List the prime factors of 71458.
2, 35729
List the prime factors of 4634.
2, 7, 331
What are the prime factors of 3027?
3, 1009
List the prime factors of 85032.
2, 3, 1181
What are the prime factors of 29484?
2, 3, 7, 13
List the prime factors of 61168.
2, 3823
List the prime factors of 13477.
13477
List the prime factors of 64278.
2, 3, 3571
List the prime factors of 63995.
5, 12799
What are the prime factors of 232?
2, 29
List the prime factors of 2055.
3, 5, 137
List the prime factors of 2513.
7, 359
List the prime factors of 55755.
3, 5, 7, 59
What are the prime factors of 91047?
3, 11, 31, 89
List the prime factors of 1070.
2, 5, 107
List the prime factors of 3543.
3, 1181
What are the prime factors of 5513?
37, 149
List the prime factors of 55457.
55457
What are the prime factors of 2470?
2, 5, 13, 19
What are the prime factors of 2238?
2, 3, 373
List the prime factors of 8092.
2, 7, 17
List the prime factors of 1418.
2, 709
List the prime factors of 1321.
1321
What are the prime factors of 7438?
2, 3719
List the prime factors of 5842.
2, 23, 127
List the prime factors of 2246.
2, 1123
What are the prime factors of 3345?
3, 5, 223
List the prime factors of 4217.
4217
What are the prime factors of 1248?
2, 3, 13
List the prime factors of 28426.
2, 61, 233
What are the prime factors of 